t f be y(9). Let t(l) = -l**3 + 17*l**2 + 21*l - 3. Is t(f) prime?
False
Suppose -7624403 = -14*h - 290545. Is h prime?
True
Let q(z) = -81*z - 24 - 80*z + 7. Let j be q(-12). Suppose 6*w = -3*m + 2*w + 1907, j = 3*m + 2*w. Is m composite?
False
Suppose 5*u = -h + 49614 + 59783, -5*h + 2*u = -546769. Is h composite?
False
Suppose 4*r + 270530 = 8*r + 2*f, 0 = -2*r + 8*f + 135238. Is r composite?
False
Suppose -27 = q - 113. Suppose -q*w + 79*w = -82047. Is w a prime number?
False
Suppose 237668 + 231579 = 3*h - 5*i, 2*h - 312842 = -2*i. Is h a prime number?
True
Suppose q + 13*q = 56. Suppose 76 = q*i + 28. Let u(c) = 26*c**2 + 17. Is u(i) prime?
True
Let t(r) = 546*r + 2395. Is t(68) composite?
True
Let v = 74091 + 467522. Is v prime?
True
Suppose 16491 = n + 4*a, 0 = -0*n + 4*n + 3*a - 65912. Let o = n - -17210. Is o prime?
False
Let r(b) = 146*b**3 - 29*b**2 + b + 68. Is r(9) composite?
True
Let s = 52 - 51. Let o(l) = 90*l**2 + 1 + s - 2*l + 242*l**2 - 5. Is o(-1) prime?
True
Let a(l) = -l**3 + 3*l**2 - 3*l. Let r be a(2). Let h be 18*171/(-12) - 3/r. Let f = h - -374. Is f a prime number?
False
Let a = 61863 + -20340. Is a composite?
True
Suppose 30*c + 19*c = -187229. Let r = 18858 + c. Is r a composite number?
True
Let b = -101 - -105. Is (39 - 5)*((-186)/b)/(-3) composite?
True
Suppose -63*z + 3981877 = 4*z. Is z prime?
False
Let l(n) = 8*n**2 + 152*n - 681. Is l(123) composite?
True
Suppose -3*t + 7*t = 17432. Let q = 13015 - t. Is q composite?
True
Let f be (-6)/(684/(-222) - -3). Let v = f + 1619. Is v a prime number?
True
Let b = 84 + -81. Suppose -11583 = -9*r + 6*r + 2*w, b = w. Is r composite?
False
Let i(d) = -d**3 + 10*d**2 - 19*d - 4. Let m be i(7). Let s be m/25 + (-15)/(-25). Is s + -4 + (138 - (5 - 3)) a composite number?
True
Is (6/(-18))/(3/1903998*22/(-33)) a composite number?
False
Suppose 20676188 - 6466183 = 95*u. Is u a prime number?
True
Suppose y + 212147 - 856089 = -5*c, 2*y + 6 = 0. Is c a prime number?
False
Suppose 24*s = 16*s - 21856. Let a = s + 4449. Is a a prime number?
False
Let k = 426210 - 259037. Is k prime?
True
Let b = -25532 + 37239. Is b a composite number?
True
Suppose 1 = -5*a + 5*p - p, 0 = -3*a + 3*p - 3. Suppose a*t - 5*r - 27 = 0, r = -2*t - 2*t + 13. Suppose -3*f + 551 = q, -t*f = 6 + 2. Is q a prime number?
True
Let d(o) = 36*o**3 + 5*o**2 + 2*o - 1. Let t be d(7). Suppose -3*z - t = -3*p, -6*p + 2*p + z = -16805. Is p prime?
True
Let c be ((-16)/(-48))/((-1)/(-6*18)). Suppose -c*x + 51*x = 60915. Is x a prime number?
False
Suppose 4*q + 3*b - 2588 = 0, 0*b = -5*q - b + 3224. Let t = 765 + q. Is t composite?
False
Let f(n) = -n**3 - 11*n**2 + 13*n + 14. Let v be f(-12). Is (153 + (-5 - -3) + -2)*v a prime number?
False
Suppose 33*f = -16*f. Suppose 4*k - 17614 = -2*d, 44071 = 5*d - f*k - 2*k. Is d a composite number?
True
Let k(w) = w + 12. Let j be k(18). Let q be 7413/14*j/9. Suppose 0 = -4*o + q + 1119. Is o a composite number?
True
Suppose 150*q - 37938903 = q - 70*q. Is q composite?
True
Let x(u) = 46*u**2 - 25*u - 18. Let v be x(15). Let o = v - 5186. Is o a prime number?
False
Let m = 51952 + -25955. Is m prime?
True
Suppose 5*b + 4*o - 2593489 = 0, 592*o = 4*b + 594*o - 2074796. Is b composite?
True
Is (5677972/24 - -2) + (-1220)/(-1464) composite?
True
Let c(s) = -112*s**2 + 11*s + 6. Let k be c(8). Is k/(-21) + 6/42 a composite number?
False
Let t = -325 + 330. Suppose t*s = -s + 4548. Is s a composite number?
True
Let g be ((-704)/4)/(-4)*13*1. Let f = g + 1051. Is f composite?
True
Suppose 0 = 4*l - 1203 - 789. Let m be 2*(6296/16 + 10). Let t = m - l. Is t a composite number?
True
Let o(w) = w**3 - 43*w**2 + w + 148. Let h = 633 + -590. Is o(h) composite?
False
Let w be (-10 - -1 - -6)*(-2)/(-2). Let m(v) = 2*v - 9. Let u be m(3). Is 4/w*(u + 315/(-6)) prime?
False
Let m = 772287 + -180586. Is m a composite number?
True
Let f(a) = a**2 - 7*a + 4. Let d be f(9). Suppose 0 = -2*h + 5*h + s - d, 3*h - 18 = 3*s. Suppose -26873 = h*p - 14*p. Is p a prime number?
False
Let k(y) = -784*y - 4. Let a = -52 - -50. Let z be k(a). Suppose -4*u + z = -384. Is u composite?
False
Let t(n) = 35*n**2 + 23*n + 55. Let h be t(-10). Suppose 0 = -3*g - 4*i + 3329, 0*i - 5*i + h = 3*g. Is g composite?
True
Let t = -31688 - -44564. Let o = t + -3629. Is o a composite number?
True
Suppose -2*s + 3*f - 321 = 0, -2*f = 4*s - 0*s + 650. Let y = -82 + s. Let c = -125 - y. Is c composite?
True
Suppose 10*y - y - 74538 = 0. Suppose -3*d = -6*f + 2*f + 8286, y = 4*f - 5*d. Is f prime?
False
Suppose -201547*p + 201548*p = 139303. Is p composite?
False
Let r(f) = f**2 + 2*f - 7. Let w be r(-5). Let o = 319 - 44. Let y = o - w. Is y a composite number?
True
Suppose -131*f - 32*f = -2821799 + 489106. Is f composite?
True
Suppose -3*u - 1 = -2*j, 0 = 3*j - u + 1 - 6. Suppose -4965 = -3*t + j*g, -3*g = -5*t + g + 8273. Is t prime?
True
Suppose 10 = 5*k, -c - 3*k + 21 = 4*c. Let q be (c/4)/((-9)/(-8))*-3. Is 67786/10 + 7/((-35)/q) prime?
True
Suppose 1070076 = 3*g + 9*g + 16*g. Is g prime?
False
Let k(d) = -2*d + 149. Suppose 24 = 4*y - l, -4*y = 3*l - 7 - 1. Is k(y) composite?
False
Let v(a) = a**2 + 3*a + 3. Let b be v(-3). Suppose 3*m - 3510 = -b*c, -3*c - c + 5*m = -4725. Suppose -2322 = -2*p + 3*y - 6*y, 2*y = p - c. Is p prime?
False
Let w = -67 + 76. Is -3 + w - (-8182 - -3) prime?
False
Suppose 9*w - q = 338459 + 668836, 0 = 2*w - 2*q - 223854. Is w composite?
True
Suppose 5*m + 12 = -t + 1, -5*m + 3*t = 7. Is (260/(-78))/(m/8247) composite?
True
Suppose 4*q - 220074 = d, 3*q - 68*d + 69*d - 165059 = 0. Is q a composite number?
True
Suppose 8*u - 4*u = 7604. Suppose 2*r - 24 = -0*r. Suppose 13*s = r*s + u. Is s prime?
True
Let c(k) = 6*k**2 - 3*k - 6. Let x be c(-2). Let n(a) = 5*a**2 - 49*a + 55. Is n(x) composite?
False
Suppose 2*m = -5*n + 26, n - m - 7 = -2*m. Suppose n*f + 3*k = 1512, -2*k + 2 = 10. Is f composite?
True
Let f = 141 - -162. Let i = 106 + 70. Let c = f - i. Is c prime?
True
Let w be 1/(2 - 13/6). Let l be ((-222)/15)/(w/1290). Let h = l - 2085. Is h prime?
True
Let v(f) = -6*f**2 - 11*f + 66985. Is v(0) composite?
True
Suppose 7714 = -17*b - 7535. Let z = 2488 + b. Is z composite?
True
Let n(a) = 1710*a + 347. Let p(l) = l**2 + 3*l - 112. Let y be p(10). Is n(y) a composite number?
True
Suppose -104*c = 38*c + c - 21305141. Is c a composite number?
True
Let h(v) = -v**3 - 5*v**2 + 2*v - 15. Let x be h(-6). Suppose 4*a + 4*o = 2*a + 10, 4*a = 3*o + x. Suppose -12739 = -a*l - 3124. Is l a composite number?
True
Let v(l) be the third derivative of -52749*l**6/40 - l**5/30 + l**4/24 + l**3/3 + 6*l**2. Let i be v(-1). Is (-4)/18 + i/198 composite?
True
Let d = -21 + 30. Suppose -12209 - 33484 = -d*a. Is a composite?
False
Let o(y) = 343*y - 28. Let f(q) = 2*q. Let c(d) = -5*f(d) - o(d). Let s be c(-9). Suppose 4*w = 0, 5*w = -3*n - 2*n + s. Is n a prime number?
True
Let h = 119686 + -76373. Is h a composite number?
False
Is (41332 - -1)*13/((-338)/(-26)) prime?
True
Suppose 5*c - 359913 = -4*f, 74933 = 4*f - c - 284974. Is f a composite number?
False
Let z(p) = 8688*p**2 + 224*p - 53. Is z(8) composite?
True
Suppose -3*m - 4237 = u - 28530, 4*u = m + 97211. Suppose -3*p = -5*i - 2906 - 11672, 5*p - 3*i = u. Is p composite?
False
Is 2/4 - 99/66*-160311 prime?
False
Suppose 4*u - 4 = 16. Let p be 2/(-10) - (-101)/u. Let c(l) = 2*l - 3. Is c(p) a prime number?
True
Let k(p) = -2*p**2 + 12*p + 24. Let u be k(7). Suppose u*s = -2*s + 44844. Is s a composite number?
True
Let i = 7 + -2. Suppose -4*y + 0*y - 3*f - 3029 = 0, -i*y + f - 3791 = 0. Is 1/3 - y/3 prime?
False
Let n(x) = 2*x**2 + x + 1. Let g(a) = -3*a**2 + 3*a - 9639. Let w(z) = -g(z) - 2*n(z). Is w(0) a prime number?
False
Suppose -76*i + 10704832 = 3*i - 15*i. Is i a composite number?
True
Let f(l) = -164*l**2 - 8*l - 67. Let m(k) = 329*k**2 + 18*k + 135. Let q(s) = 11*f(s) + 6*m(s). Is q(-7) prime?
True
Let t be (-609)/2*14/21. Let k be 1 + 2 + 16 + t. Is (-4 - k/44) + (-61125)/(-11) prime?
True
Let i(l) be the third derivative of 43*l**4/12 - 9*l**3/2 - 23*l**2. Suppose 8*v - 55 = 3*v. Is i(v) composite?
False
Let x = 3 + 0. Suppose x*o - o = 3*o. Suppose p - 5*p - 2*z + 2512 = o, -4*p - 4*z + 2508 = 0. Is p prime?
False
Suppose 